
-eb7
In base 3, what is -10022102 - 12?
-10022121
In base 9, what is -7 + 12?
4
In base 13, what is -102 - -38?
-97
In base 13, what is 1802 - 4b?
1784
In base 8, what is 2 - -11524?
11526
In base 8, what is -2 - -1370404?
1370402
In base 10, what is 7 - 2209?
-2202
In base 5, what is 14122 - 132?
13440
In base 3, what is -111 + -11201220?
-11202101
In base 6, what is 5 + 3031201?
3031210
In base 13, what is -3 + -911c3?
-911c6
In base 12, what is -23 + 2b92?
2b6b
In base 2, what is -10 + -111111001110110110?
-111111001110111000
In base 10, what is -52 + -8141?
-8193
In base 16, what is -1cc + -d?
-1d9
In base 11, what is -227 - -418?
1a1
In base 11, what is -1143 + -2a?
-1172
In base 4, what is 2 + -11311110?
-11311102
In base 7, what is 135 + -56134?
-55666
In base 14, what is 1493 - 5?
148c
In base 9, what is -7 - -200271?
200263
In base 15, what is -2050e + 3?
-2050b
In base 12, what is 258 - -9b7?
1053
In base 8, what is -26 + -16011?
-16037
In base 3, what is 1201 + -12011120?
-12002212
In base 16, what is edb1 + 1b?
edcc
In base 5, what is 141023 + -3?
141020
In base 15, what is 0 + 9923d?
9923d
In base 14, what is 3 + 521a?
521d
In base 3, what is -210 + 20202011?
20201101
In base 5, what is 1020 - 2041?
-1021
In base 15, what is 0 - 232b5?
-232b5
In base 5, what is 21 - 112102?
-112031
In base 14, what is 1 - -14d92d?
14d930
In base 4, what is 21332 + -110331?
-22333
In base 2, what is 111000 - -100111100001100?
100111101000100
In base 12, what is -12852 + 4?
-1284a
In base 6, what is 3 - -525022?
525025
In base 11, what is -65906 + -1?
-65907
In base 9, what is -114 - 3484?
-3608
In base 7, what is 3364 - 251?
3113
In base 6, what is 15 + 110112?
110131
In base 14, what is -669 + 3?
-666
In base 16, what is -6dadcc + 4?
-6dadc8
In base 4, what is -20 + 1100322032?
1100322012
In base 5, what is 3 - 13424043?
-13424040
In base 2, what is 110000011100111110100 - 1?
110000011100111110011
In base 16, what is da9d - -5?
daa2
In base 14, what is 748 + 18?
762
In base 6, what is 31 + 23214?
23245
In base 15, what is -682653 + 5?
-68264d
In base 14, what is -b - -11c4b?
11c40
In base 16, what is a9 + 10b?
1b4
In base 5, what is 31021 + 1?
31022
In base 13, what is -11c4 + 68?
-1159
In base 15, what is -13 - 5c84e?
-5c862
In base 8, what is 64 - 1676?
-1612
In base 2, what is -101000 - -1100010111001?
1100010010001
In base 12, what is -239b5 - -3?
-239b2
In base 3, what is -12 + -102212201?
-102212220
In base 12, what is -4 - -212?
20a
In base 9, what is 4311 - 64?
4236
In base 11, what is 1 + -105406?
-105405
In base 2, what is -101101010 - -1011001?
-100010001
In base 5, what is 2042322 - 1?
2042321
In base 15, what is 1ae0 - -431?
2021
In base 13, what is 359 - 1b0?
179
In base 7, what is -154 + 150?
-4
In base 3, what is 11 + -2011012022?
-2011012011
In base 10, what is -938 + 103?
-835
In base 3, what is 10212012002 + 1?
10212012010
In base 14, what is 1 - -946b6?
946b7
In base 4, what is 1 + 33312023?
33312030
In base 2, what is -100010110110 + 10110?
-100010100000
In base 2, what is -1001000 - 1111110011010?
-1111111100010
In base 2, what is 1000100110111 + 100001001?
1001001000000
In base 13, what is 2 + -9802?
-9800
In base 16, what is -12 - -36c?
35a
In base 16, what is -360 + 202?
-15e
In base 8, what is -17531 + 3?
-17526
In base 4, what is -1123221021 + -2?
-1123221023
In base 16, what is -5 - -6be9?
6be4
In base 3, what is 10 + -1102220002?
-1102212222
In base 14, what is -8 + -30a1?
-30a9
In base 2, what is -101011110000100011010 - -100?
-101011110000100010110
In base 10, what is 108 - 46?
62
In base 15, what is -9a66 + 8?
-9a5d
In base 14, what is -a + b58?
b4c
In base 15, what is -4 + -47593?
-47597
In base 5, what is -223 - 10441211?
-10441434
In base 16, what is -223 - -cb?
-158
In base 8, what is 3 - -5645?
5650
In base 11, what is 0 + 5317?
5317
In base 15, what is -43b71 - -2?
-43b6e
In base 4, what is 30033 - -2202?
32301
In base 4, what is 2111 + 30?
2201
In base 2, what is 1100110000100010 + -1?
1100110000100001
In base 8, what is -4 - 4367?
-4373
In base 15, what is 50 - d7?
-87
In base 10, what is -13 - 324445?
-324458
In base 15, what is cc7d0 - 1?
cc7ce
In base 7, what is 3 + 16015?
16021
In base 5, what is -33 + -134420?
-140003
In base 3, what is 210001 + 122212?
1102220
In base 3, what is 2001 + 122002?
201010
In base 10, what is -17422 + -4?
-17426
In base 14, what is -44a618 - -5?
-44a613
In base 15, what is -7a8b + 5?
-7a86
In base 13, what is 0 - 727a?
-727a
In base 14, what is 3b1 + 1a4?
575
In base 13, what is 3 + 11864?
11867
In base 15, what is -177b + 2a?
-1751
In base 7, what is -4466402 + -4?
-4466406
In base 11, what is 50490a - -3?
504912
In base 15, what is 4 + 58?
5c
In base 12, what is a - -1017a1?
1017ab
In base 10, what is 4 + -16183?
-16179
In base 4, what is 31121213233 + -1?
31121213232
In base 16, what is 3 + -4112?
-410f
In base 10, what is -3 + -2602?
-2605
In base 14, what is -2 - -14153?
14151
In base 15, what is -2 + -444e0?
-444e2
In base 4, what is 3 + -1321200?
-1321131
In base 6, what is 335523 + 3?
335530
In base 8, what is -6000 - -3?
-5775
In base 4, what is -30 - -10023203?
10023113
In base 9, what is -5304 - 8?
-5313
In base 16, what is -12 + -33aa2?
-33ab4
In base 16, what is -13 - f9b?
-fae
In base 11, what is -3 - 3025?
-3028
In base 8, what is -242611 - 3?
-242614
In base 15, what is -4 - -28173?
2816e
In base 11, what is 5996 - a?
5987
In base 11, what is -6 + 15500?
154a5
In base 16, what is 1e1ca + -5?
1e1c5
In base 6, what is 4 + -13352241?
-13352233
In base 15, what is 818 + -10?
808
In base 8, what is -15 - -7517?
7502
In base 13, what is 197 - 3045?
-2b7b
In base 12, what is -18b3 + 17?
-1898
In base 15, what is 1506 + -25?
14d1
In base 2, what is 1111100010 - 110111000001?
-100111011111
In base 3, what is -121222 + -12012000?
-12210222
In base 2, what is -101 + 100100110011000?
100100110010011
In base 11, what is -685 - 4026?
-4700
In base 7, what is -35116 + -2?
-35121
In base 16, what is -a4 + -2e8?
-38c
In base 8, what is 3101 + 2434?
5535
In base 9, what is 147 + 20062?
20220
In base 16, what is 242c4 + -2?
242c2
In base 8, what is -20 + -4543?
-4563
In base 2, what is -1111101100011 + 11110?
-1111101000101
In base 3, what is 212212011 - -10?
212212021
In base 12, what is 5 + 72a8?
72b1
In base 8, what is -4 + 430103?
430077
In base 16, what is 1a0ff + -5?
1a0fa
In base 6, what is 2 + 2451331?
2451333
In base 2, what is 10111001010000 + -10000?
10111001000000
In base 10, what is -24523 + -36?
-24559
In base 13, what is 7 - -1b534?
1b53b
In base 15, what is 3 - 2ba08?
-2ba05
In base 8, what is -6 - 4107?
-4115
In base 7, what is 0 + 12033064?
12033064
In base 15, what is c2 - -c52?
d24
In base 13, what is -70 + 142a?
138a
In base 8, what is -5 + -3333?
-3340
In base 5, what is 2003202 - 230?
2002422
In base 2, what is -1110 - 101000110000001?
-101000110001111
In base 15, what is -2bac - 20?
-2bcc
In base 9, what is -4 - -3738?
3734
In base 8, what is -16 - -3637?
3621
In base 5, what is 12222312 - -1?
12222313
In base 5, what is -14313 - 43?
-14411
In base 9, what is 4 - 115448?
-115444
In base 5, what is 11034111 - 3?
11034103
In base 9, what is -4424 + 2768?
-1545
In base 11, what is -10437 - -10?
-10427
In base 16, what is -10 + -9ff4?
-a004
In base 4, what is 21 + 1232333311?
1232333332
In base 2, what is -10010001011111111000 + 100?
-10010001011111110100
In base 11, what is 241a + -6?
2414
In base 10, what is -137 + -6114?
-6251
In base 15, what is -43 + -791?
-7d4
In base 8, what is 75553 + -3?
75550
In base 7, what is -125 + -142?
-300
In base 7, what is -2 - 24563?
-24565
In base 5, what is 24204 - 1?
24203
In base 9, what is 27173 - -47?
27231
In base 12, what is -57 + -a86?
-b21
In base 2, what is -11001000110000 + 101?
-11001000101011
In base 15, what is -4 - 3419?
-341d
In base 8, what is -15 - 12363?
-12400
In base 15, what is 1 - 472e5?
-472e4
In base 4, what is 113233 - 333?
112300
In base 2, what is -1001 + 1101100100001101?
1101100100000100
In base 3, what is 12101011000202 + -10?
12101011000122
In base 14, what is d119 + -5?
d114
In base 11, what is 3 - 137aa7?
-137aa4
In base 4, what is -300122330 - 11?
-300123001
In base 4, what is -200